[INFO] fetching crate selectors-bloom 0.1.0...
[INFO] checking selectors-bloom-0.1.0 against master#9610dfe5a9a731ced1ea4923ecbd0c57fe367898 for beta-170-4
[INFO] extracting crate selectors-bloom 0.1.0 into /workspace/builds/worker-4-tc1/source
[INFO] validating manifest of crates.io crate selectors-bloom 0.1.0 on toolchain 9610dfe5a9a731ced1ea4923ecbd0c57fe367898
[INFO] running `Command { std: CARGO_HOME="/workspace/cargo-home" RUSTUP_HOME="/workspace/rustup-home" "/workspace/cargo-home/bin/cargo" "+9610dfe5a9a731ced1ea4923ecbd0c57fe367898" "metadata" "--manifest-path" "Cargo.toml" "--no-deps", kill_on_drop: false }`
[INFO] started tweaking crates.io crate selectors-bloom 0.1.0
[INFO] finished tweaking crates.io crate selectors-bloom 0.1.0
[INFO] tweaked toml for crates.io crate selectors-bloom 0.1.0 written to /workspace/builds/worker-4-tc1/source/Cargo.toml
[INFO] running `Command { std: CARGO_HOME="/workspace/cargo-home" RUSTUP_HOME="/workspace/rustup-home" __CARGO_TEST_CHANNEL_OVERRIDE_DO_NOT_USE_THIS="nightly" "/workspace/cargo-home/bin/cargo" "+9610dfe5a9a731ced1ea4923ecbd0c57fe367898" "generate-lockfile" "--manifest-path" "Cargo.toml" "-Zno-index-update", kill_on_drop: false }`
[INFO] [stderr]     Blocking waiting for file lock on package cache
[INFO] running `Command { std: CARGO_HOME="/workspace/cargo-home" RUSTUP_HOME="/workspace/rustup-home" "/workspace/cargo-home/bin/cargo" "+9610dfe5a9a731ced1ea4923ecbd0c57fe367898" "fetch" "--manifest-path" "Cargo.toml", kill_on_drop: false }`
[INFO] [stderr]     Blocking waiting for file lock on package cache
[INFO] running `Command { std: "docker" "create" "-v" "/var/lib/crater-agent-workspace/builds/worker-4-tc1/target:/opt/rustwide/target:rw,Z" "-v" "/var/lib/crater-agent-workspace/builds/worker-4-tc1/source:/opt/rustwide/workdir:ro,Z" "-v" "/var/lib/crater-agent-workspace/cargo-home:/opt/rustwide/cargo-home:ro,Z" "-v" "/var/lib/crater-agent-workspace/rustup-home:/opt/rustwide/rustup-home:ro,Z" "-e" "SOURCE_DIR=/opt/rustwide/workdir" "-e" "CARGO_TARGET_DIR=/opt/rustwide/target" "-e" "CARGO_HOME=/opt/rustwide/cargo-home" "-e" "RUSTUP_HOME=/opt/rustwide/rustup-home" "-w" "/opt/rustwide/workdir" "-m" "1610612736" "--user" "0:0" "--network" "none" "ghcr.io/rust-lang/crates-build-env/linux@sha256:19e73879b68f455e41552ea35293514db52ea292d993f571636dbffedb77a1ee" "/opt/rustwide/cargo-home/bin/cargo" "+9610dfe5a9a731ced1ea4923ecbd0c57fe367898" "metadata" "--no-deps" "--format-version=1", kill_on_drop: false }`
[INFO] [stdout] 028c9ec4cd395d1c2171df72c4d8a83e686047d4f79d4836bcdc98ca34a97221
[INFO] running `Command { std: "docker" "start" "-a" "028c9ec4cd395d1c2171df72c4d8a83e686047d4f79d4836bcdc98ca34a97221", kill_on_drop: false }`
[INFO] running `Command { std: "docker" "inspect" "028c9ec4cd395d1c2171df72c4d8a83e686047d4f79d4836bcdc98ca34a97221", kill_on_drop: false }`
[INFO] running `Command { std: "docker" "rm" "-f" "028c9ec4cd395d1c2171df72c4d8a83e686047d4f79d4836bcdc98ca34a97221", kill_on_drop: false }`
[INFO] [stdout] 028c9ec4cd395d1c2171df72c4d8a83e686047d4f79d4836bcdc98ca34a97221
[INFO] running `Command { std: "docker" "create" "-v" "/var/lib/crater-agent-workspace/builds/worker-4-tc1/target:/opt/rustwide/target:rw,Z" "-v" "/var/lib/crater-agent-workspace/builds/worker-4-tc1/source:/opt/rustwide/workdir:ro,Z" "-v" "/var/lib/crater-agent-workspace/cargo-home:/opt/rustwide/cargo-home:ro,Z" "-v" "/var/lib/crater-agent-workspace/rustup-home:/opt/rustwide/rustup-home:ro,Z" "-e" "SOURCE_DIR=/opt/rustwide/workdir" "-e" "CARGO_TARGET_DIR=/opt/rustwide/target" "-e" "CARGO_INCREMENTAL=0" "-e" "RUST_BACKTRACE=full" "-e" "RUSTFLAGS=--cap-lints=forbid" "-e" "RUSTDOCFLAGS=--cap-lints=forbid" "-e" "CARGO_HOME=/opt/rustwide/cargo-home" "-e" "RUSTUP_HOME=/opt/rustwide/rustup-home" "-w" "/opt/rustwide/workdir" "-m" "1610612736" "--user" "0:0" "--network" "none" "ghcr.io/rust-lang/crates-build-env/linux@sha256:19e73879b68f455e41552ea35293514db52ea292d993f571636dbffedb77a1ee" "/opt/rustwide/cargo-home/bin/cargo" "+9610dfe5a9a731ced1ea4923ecbd0c57fe367898" "check" "--frozen" "--all" "--all-targets" "--message-format=json", kill_on_drop: false }`
[INFO] [stdout] b0bfee2d22c88e032018d151dde723dbe2259d5798b3b229cd5f409934db10c3
[INFO] running `Command { std: "docker" "start" "-a" "b0bfee2d22c88e032018d151dde723dbe2259d5798b3b229cd5f409934db10c3", kill_on_drop: false }`
[INFO] [stderr]     Checking selectors-bloom v0.1.0 (/opt/rustwide/workdir)
[INFO] [stdout] warning: lint `exceeding_bitshifts` has been renamed to `arithmetic_overflow`
[INFO] [stdout]    --> lib.rs:182:13
[INFO] [stdout]     |
[INFO] [stdout] 182 |     #[allow(exceeding_bitshifts)]
[INFO] [stdout]     |             ^^^^^^^^^^^^^^^^^^^ help: use the new name: `arithmetic_overflow`
[INFO] [stdout]     |
[INFO] [stdout]     = note: `#[warn(renamed_and_removed_lints)]` on by default
[INFO] [stdout] 
[INFO] [stdout] 
[INFO] [stdout] warning: lint `exceeding_bitshifts` has been renamed to `arithmetic_overflow`
[INFO] [stdout]    --> lib.rs:190:13
[INFO] [stdout]     |
[INFO] [stdout] 190 |     #[allow(exceeding_bitshifts)]
[INFO] [stdout]     |             ^^^^^^^^^^^^^^^^^^^ help: use the new name: `arithmetic_overflow`
[INFO] [stdout] 
[INFO] [stdout] 
[INFO] [stdout] warning: lint `exceeding_bitshifts` has been renamed to `arithmetic_overflow`
[INFO] [stdout]    --> lib.rs:182:13
[INFO] [stdout]     |
[INFO] [stdout] 182 |     #[allow(exceeding_bitshifts)]
[INFO] [stdout]     |             ^^^^^^^^^^^^^^^^^^^ help: use the new name: `arithmetic_overflow`
[INFO] [stdout]     |
[INFO] [stdout]     = note: `#[warn(renamed_and_removed_lints)]` on by default
[INFO] [stdout] 
[INFO] [stdout] 
[INFO] [stdout] warning: lint `exceeding_bitshifts` has been renamed to `arithmetic_overflow`
[INFO] [stdout]    --> lib.rs:190:13
[INFO] [stdout]     |
[INFO] [stdout] 190 |     #[allow(exceeding_bitshifts)]
[INFO] [stdout]     |             ^^^^^^^^^^^^^^^^^^^ help: use the new name: `arithmetic_overflow`
[INFO] [stdout] 
[INFO] [stdout] 
[INFO] [stdout] error: use of unstable library feature 'test': `bench` is a part of custom test frameworks which are unstable
[INFO] [stdout]    --> lib.rs:264:7
[INFO] [stdout]     |
[INFO] [stdout] 264 |     #[bench]
[INFO] [stdout]     |       ^^^^^
[INFO] [stdout]     |
[INFO] [stdout]     = warning: this was previously accepted by the compiler but is being phased out; it will become a hard error in a future release!
[INFO] [stdout]     = note: for more information, see issue #64266 <https://github.com/rust-lang/rust/issues/64266>
[INFO] [stdout]     = note: `#[deny(soft_unstable)]` on by default
[INFO] [stdout] 
[INFO] [stdout] 
[INFO] [stdout] error: use of unstable library feature 'test': `bench` is a part of custom test frameworks which are unstable
[INFO] [stdout]    --> lib.rs:280:7
[INFO] [stdout]     |
[INFO] [stdout] 280 |     #[bench]
[INFO] [stdout]     |       ^^^^^
[INFO] [stdout]     |
[INFO] [stdout]     = warning: this was previously accepted by the compiler but is being phased out; it will become a hard error in a future release!
[INFO] [stdout]     = note: for more information, see issue #64266 <https://github.com/rust-lang/rust/issues/64266>
[INFO] [stdout] 
[INFO] [stdout] 
[INFO] [stdout] error: use of unstable library feature 'test': `bench` is a part of custom test frameworks which are unstable
[INFO] [stdout]    --> lib.rs:298:7
[INFO] [stdout]     |
[INFO] [stdout] 298 |     #[bench]
[INFO] [stdout]     |       ^^^^^
[INFO] [stdout]     |
[INFO] [stdout]     = warning: this was previously accepted by the compiler but is being phased out; it will become a hard error in a future release!
[INFO] [stdout]     = note: for more information, see issue #64266 <https://github.com/rust-lang/rust/issues/64266>
[INFO] [stdout] 
[INFO] [stdout] 
[INFO] [stdout] error: use of unstable library feature 'test': `bench` is a part of custom test frameworks which are unstable
[INFO] [stdout]    --> lib.rs:312:7
[INFO] [stdout]     |
[INFO] [stdout] 312 |     #[bench]
[INFO] [stdout]     |       ^^^^^
[INFO] [stdout]     |
[INFO] [stdout]     = warning: this was previously accepted by the compiler but is being phased out; it will become a hard error in a future release!
[INFO] [stdout]     = note: for more information, see issue #64266 <https://github.com/rust-lang/rust/issues/64266>
[INFO] [stdout] 
[INFO] [stdout] 
[INFO] [stdout] error: use of unstable library feature 'test': `bench` is a part of custom test frameworks which are unstable
[INFO] [stdout]    --> lib.rs:331:7
[INFO] [stdout]     |
[INFO] [stdout] 331 |     #[bench]
[INFO] [stdout]     |       ^^^^^
[INFO] [stdout]     |
[INFO] [stdout]     = warning: this was previously accepted by the compiler but is being phased out; it will become a hard error in a future release!
[INFO] [stdout]     = note: for more information, see issue #64266 <https://github.com/rust-lang/rust/issues/64266>
[INFO] [stdout] 
[INFO] [stdout] 
[INFO] [stdout] error[E0658]: use of unstable library feature 'test'
[INFO] [stdout]    --> lib.rs:259:5
[INFO] [stdout]     |
[INFO] [stdout] 259 |     extern crate test;
[INFO] [stdout]     |     ^^^^^^^^^^^^^^^^^^
[INFO] [stdout]     |
[INFO] [stdout]     = note: see issue #50297 <https://github.com/rust-lang/rust/issues/50297> for more information
[INFO] [stdout]     = help: add `#![feature(test)]` to the crate attributes to enable
[INFO] [stdout] 
[INFO] [stdout] 
[INFO] [stdout] warning: use of deprecated struct `std::hash::SipHasher`: use `std::collections::hash_map::DefaultHasher` instead
[INFO] [stdout]    --> lib.rs:261:35
[INFO] [stdout]     |
[INFO] [stdout] 261 |     use std::hash::{Hash, Hasher, SipHasher};
[INFO] [stdout]     |                                   ^^^^^^^^^
[INFO] [stdout]     |
[INFO] [stdout]     = note: `#[warn(deprecated)]` on by default
[INFO] [stdout] 
[INFO] [stdout] 
[INFO] [stdout] error[E0658]: use of unstable library feature 'test'
[INFO] [stdout]    --> lib.rs:265:57
[INFO] [stdout]     |
[INFO] [stdout] 265 |     fn create_insert_1000_remove_100_lookup_100(b: &mut test::Bencher) {
[INFO] [stdout]     |                                                         ^^^^^^^^^^^^^
[INFO] [stdout]     |
[INFO] [stdout]     = note: see issue #50297 <https://github.com/rust-lang/rust/issues/50297> for more information
[INFO] [stdout]     = help: add `#![feature(test)]` to the crate attributes to enable
[INFO] [stdout] 
[INFO] [stdout] 
[INFO] [stdout] error[E0658]: use of unstable library feature 'test'
[INFO] [stdout]    --> lib.rs:275:17
[INFO] [stdout]     |
[INFO] [stdout] 275 |                 test::black_box(bf.might_contain(&i));
[INFO] [stdout]     |                 ^^^^^^^^^^^^^^^
[INFO] [stdout]     |
[INFO] [stdout]     = note: see issue #50297 <https://github.com/rust-lang/rust/issues/50297> for more information
[INFO] [stdout]     = help: add `#![feature(test)]` to the crate attributes to enable
[INFO] [stdout] 
[INFO] [stdout] 
[INFO] [stdout] error[E0658]: use of unstable library feature 'test'
[INFO] [stdout]    --> lib.rs:281:30
[INFO] [stdout]     |
[INFO] [stdout] 281 |     fn might_contain(b: &mut test::Bencher) {
[INFO] [stdout]     |                              ^^^^^^^^^^^^^
[INFO] [stdout]     |
[INFO] [stdout]     = note: see issue #50297 <https://github.com/rust-lang/rust/issues/50297> for more information
[INFO] [stdout]     = help: add `#![feature(test)]` to the crate attributes to enable
[INFO] [stdout] 
[INFO] [stdout] 
[INFO] [stdout] error[E0658]: use of unstable library feature 'test'
[INFO] [stdout]    --> lib.rs:292:17
[INFO] [stdout]     |
[INFO] [stdout] 292 |                 test::black_box(bf.might_contain(&i));
[INFO] [stdout]     |                 ^^^^^^^^^^^^^^^
[INFO] [stdout]     |
[INFO] [stdout]     = note: see issue #50297 <https://github.com/rust-lang/rust/issues/50297> for more information
[INFO] [stdout]     = help: add `#![feature(test)]` to the crate attributes to enable
[INFO] [stdout] 
[INFO] [stdout] 
[INFO] [stdout] error[E0658]: use of unstable library feature 'test'
[INFO] [stdout]    --> lib.rs:299:23
[INFO] [stdout]     |
[INFO] [stdout] 299 |     fn insert(b: &mut test::Bencher) {
[INFO] [stdout]     |                       ^^^^^^^^^^^^^
[INFO] [stdout]     |
[INFO] [stdout]     = note: see issue #50297 <https://github.com/rust-lang/rust/issues/50297> for more information
[INFO] [stdout]     = help: add `#![feature(test)]` to the crate attributes to enable
[INFO] [stdout] 
[INFO] [stdout] 
[INFO] [stdout] error[E0658]: use of unstable library feature 'test'
[INFO] [stdout]    --> lib.rs:306:17
[INFO] [stdout]     |
[INFO] [stdout] 306 |                 test::black_box(bf.insert(&i));
[INFO] [stdout]     |                 ^^^^^^^^^^^^^^^
[INFO] [stdout]     |
[INFO] [stdout]     = note: see issue #50297 <https://github.com/rust-lang/rust/issues/50297> for more information
[INFO] [stdout]     = help: add `#![feature(test)]` to the crate attributes to enable
[INFO] [stdout] 
[INFO] [stdout] 
[INFO] [stdout] error[E0658]: use of unstable library feature 'test'
[INFO] [stdout]    --> lib.rs:313:23
[INFO] [stdout]     |
[INFO] [stdout] 313 |     fn remove(b: &mut test::Bencher) {
[INFO] [stdout]     |                       ^^^^^^^^^^^^^
[INFO] [stdout]     |
[INFO] [stdout]     = note: see issue #50297 <https://github.com/rust-lang/rust/issues/50297> for more information
[INFO] [stdout]     = help: add `#![feature(test)]` to the crate attributes to enable
[INFO] [stdout] 
[INFO] [stdout] 
[INFO] [stdout] error[E0658]: use of unstable library feature 'test'
[INFO] [stdout]    --> lib.rs:328:9
[INFO] [stdout]     |
[INFO] [stdout] 328 |         test::black_box(bf.might_contain(&0_usize));
[INFO] [stdout]     |         ^^^^^^^^^^^^^^^
[INFO] [stdout]     |
[INFO] [stdout]     = note: see issue #50297 <https://github.com/rust-lang/rust/issues/50297> for more information
[INFO] [stdout]     = help: add `#![feature(test)]` to the crate attributes to enable
[INFO] [stdout] 
[INFO] [stdout] 
[INFO] [stdout] error[E0658]: use of unstable library feature 'test'
[INFO] [stdout]    --> lib.rs:332:28
[INFO] [stdout]     |
[INFO] [stdout] 332 |     fn hash_a_uint(b: &mut test::Bencher) {
[INFO] [stdout]     |                            ^^^^^^^^^^^^^
[INFO] [stdout]     |
[INFO] [stdout]     = note: see issue #50297 <https://github.com/rust-lang/rust/issues/50297> for more information
[INFO] [stdout]     = help: add `#![feature(test)]` to the crate attributes to enable
[INFO] [stdout] 
[INFO] [stdout] 
[INFO] [stdout] warning: use of deprecated struct `std::hash::SipHasher`: use `std::collections::hash_map::DefaultHasher` instead
[INFO] [stdout]    --> lib.rs:335:30
[INFO] [stdout]     |
[INFO] [stdout] 335 |             let mut hasher = SipHasher::default();
[INFO] [stdout]     |                              ^^^^^^^^^
[INFO] [stdout] 
[INFO] [stdout] 
[INFO] [stdout] error[E0658]: use of unstable library feature 'test'
[INFO] [stdout]    --> lib.rs:337:13
[INFO] [stdout]     |
[INFO] [stdout] 337 |             test::black_box(hasher.finish());
[INFO] [stdout]     |             ^^^^^^^^^^^^^^^
[INFO] [stdout]     |
[INFO] [stdout]     = note: see issue #50297 <https://github.com/rust-lang/rust/issues/50297> for more information
[INFO] [stdout]     = help: add `#![feature(test)]` to the crate attributes to enable
[INFO] [stdout] 
[INFO] [stdout] 
[INFO] [stdout] warning: 2 warnings emitted
[INFO] [stdout] 
[INFO] [stdout] 
[INFO] [stdout] error[E0658]: use of unstable library feature 'test'
[INFO] [stdout]    --> lib.rs:266:11
[INFO] [stdout]     |
[INFO] [stdout] 266 |         b.iter(|| {
[INFO] [stdout]     |           ^^^^
[INFO] [stdout]     |
[INFO] [stdout]     = note: see issue #50297 <https://github.com/rust-lang/rust/issues/50297> for more information
[INFO] [stdout]     = help: add `#![feature(test)]` to the crate attributes to enable
[INFO] [stdout] 
[INFO] [stdout] 
[INFO] [stdout] error[E0599]: no method named `bench_n` found for mutable reference `&mut Bencher` in the current scope
[INFO] [stdout]    --> lib.rs:290:11
[INFO] [stdout]     |
[INFO] [stdout] 290 |         b.bench_n(1000, |b| {
[INFO] [stdout]     |         --^^^^^^^ method not found in `&mut Bencher`
[INFO] [stdout] 
[INFO] [stdout] 
[INFO] [stdout] error[E0599]: no method named `bench_n` found for mutable reference `&mut Bencher` in the current scope
[INFO] [stdout]    --> lib.rs:302:11
[INFO] [stdout]     |
[INFO] [stdout] 302 |         b.bench_n(1000, |b| {
[INFO] [stdout]     |         --^^^^^^^ method not found in `&mut Bencher`
[INFO] [stdout] 
[INFO] [stdout] 
[INFO] [stdout] error[E0599]: no method named `bench_n` found for mutable reference `&mut Bencher` in the current scope
[INFO] [stdout]    --> lib.rs:319:11
[INFO] [stdout]     |
[INFO] [stdout] 319 |         b.bench_n(1000, |b| {
[INFO] [stdout]     |         --^^^^^^^ method not found in `&mut Bencher`
[INFO] [stdout] 
[INFO] [stdout] 
[INFO] [stdout] error[E0658]: use of unstable library feature 'test'
[INFO] [stdout]    --> lib.rs:334:11
[INFO] [stdout]     |
[INFO] [stdout] 334 |         b.iter(|| {
[INFO] [stdout]     |           ^^^^
[INFO] [stdout]     |
[INFO] [stdout]     = note: see issue #50297 <https://github.com/rust-lang/rust/issues/50297> for more information
[INFO] [stdout]     = help: add `#![feature(test)]` to the crate attributes to enable
[INFO] [stdout] 
[INFO] [stdout] 
[INFO] [stdout] error: aborting due to 21 previous errors; 4 warnings emitted
[INFO] [stdout] 
[INFO] [stdout] 
[INFO] [stdout] Some errors have detailed explanations: E0599, E0658.
[INFO] [stdout] 
[INFO] [stdout] For more information about an error, try `rustc --explain E0599`.
[INFO] [stdout] 
[INFO] [stderr] error: could not compile `selectors-bloom` (lib test) due to 22 previous errors; 4 warnings emitted
[INFO] running `Command { std: "docker" "inspect" "b0bfee2d22c88e032018d151dde723dbe2259d5798b3b229cd5f409934db10c3", kill_on_drop: false }`
[INFO] running `Command { std: "docker" "rm" "-f" "b0bfee2d22c88e032018d151dde723dbe2259d5798b3b229cd5f409934db10c3", kill_on_drop: false }`
[INFO] [stdout] b0bfee2d22c88e032018d151dde723dbe2259d5798b3b229cd5f409934db10c3
